 = -5*p + 28574. Suppose 24*j + v = 56*j. What is the tens digit of j?
2
Suppose -443 = 5*n - 1383. Suppose 5*d + 0*z - 4*z - n = 0, -3*d + 116 = -4*z. What is the units digit of ((-80)/(-12))/(4/d)?
0
Let w = 19 - -23. Let z be (w/(-8))/7*4. What is the tens digit of 204/(z + 7) + 1 + 0?
5
Let i(m) = m**3 - 7*m**2 - 4*m + 3. Let p be i(8). Suppose 0 = 38*o - p*o - 225. What is the units digit of o?
5
Let c = -35 + 39. Let l(t) = -21 + 2*t - t + 3 + c*t. What is the units digit of l(4)?
2
Suppose -2 = -4*d - 5*j - 4, -5*j = 10. Suppose -2 = d*q, 3*q - 37 = 3*z + z. What is the tens digit of 3*152/10 + 6/z?
4
Let c(v) = v**3 + 2*v**2 + 4. Let h be c(-2). Let i be 6/8 - 11/h. What is the tens digit of i + 2 + -3 - -51?
4
Suppose -2*w = 5*s - 4, 2*s - 4*w + w + 6 = 0. Suppose 0*f + 12*f - 36 = s. Suppose -f*z + 400 = 46. What is the units digit of z?
8
What is the ten thousands digit of (-2297 + -5)*(-15 - -4) - 3?
2
Let s(d) = 7*d - 90. Let o(j) = 3*j - 45. Let w(m) = -9*o(m) + 4*s(m). What is the tens digit of w(-23)?
2
Let p = 416 + -81. Let u = 785 - p. What is the hundreds digit of u?
4
Suppose -4*t + 36 = 4*v - 28, -v = -5*t + 8. Let a(s) = -s**2 - 3*s + 45. Let c be a(5). Suppose -5*u = v - 2, -c*p + 192 = 4*u. What is the tens digit of p?
4
Let u(i) = 4*i - 16*i**2 + 36*i**2 - 19*i**2 + 10. Let d(y) = -y. Let j be d(-6). What is the units digit of u(j)?
0
Let i be ((-5)/15 + 4/3)*-443. What is the tens digit of 4/10*-5 - i?
4
Suppose -545409 + 1790064 = 115*y - 30*y. What is the thousands digit of y?
4
Suppose 317*x = 22839160 - 5659345. What is the thousands digit of x?
4
Suppose -5*v + 85962 = -5*x + 8*x, x + 85986 = 5*v. What is the ten thousands digit of v?
1
Suppose 23*j + 14396 + 29810 = 0. Let p = j - -2693. What is the hundreds digit of p?
7
Suppose 4*u = 29*u - 75. Suppose 3*w + 604 = -u*o + 2668, 0 = 5*w - 2*o - 3468. What is the hundreds digit of w?
6
Let t(y) = -y**3 - 34*y**2 + 35*y + 5. Let x be t(-35). Suppose 0 = 13*o - x*o - 2272. What is the units digit of o?
4
Suppose -3*v = -3*p + 30861, 5*v + 13677 = p + 3406. What is the tens digit of p?
9
Let k be 18 + (-7 - 35/(-7)). Suppose 0 = -k*g + 5376 + 640. What is the units digit of g?
6
Suppose 843966 = 114*v + 17*v - 1943976. What is the tens digit of v?
8
Suppose -v - 2*v = 4*i + 28, 5*v = -3*i - 65. What is the units digit of -4084*(-8 - -12)/v?
1
What is the thousands digit of (-5 - 27650)/(50/(-40))?
2
Suppose 0 = 2*i + 2*i + 8, -4*r = -2*i + 28. What is the hundreds digit of 5/(2 - r)*1184?
5
Let u(p) = -p**2 - 11*p - 25. Let i be u(-6). Suppose 0 = i*v - 8*v + 15. Suppose 3*s - 157 = -v*o, -o = o + 8. What is the units digit of s?
9
Let w be 163 + 6*(-3 - 40/(-12)). Let t = 241 - w. Suppose n = r - t, -r - n + 56 = 2*n. What is the tens digit of r?
7
Let n(k) = -8*k**2 - 23*k - 17. Let j(v) = -15*v**2 - 47*v - 34. Let s(g) = -4*j(g) + 7*n(g). What is the tens digit of s(10)?
8
Let x(g) = -2*g**3 + 37*g**2 + 5*g + 41. Let v = 343 + -325. What is the tens digit of x(v)?
5
Let p(m) = 21593*m**3 - 2*m**2 - 199*m + 200. What is the thousands digit of p(1)?
1
Let w(t) = -343*t + 136. What is the units digit of w(-10)?
6
Let d = -1177 - -8479. What is the units digit of d?
2
Suppose 451*z = 456*z - 21850. What is the tens digit of z?
7
Let g(f) = -f - 48. Let p be g(-21). Let m be ((-6)/p - (-102)/27) + -1. Suppose m*q = -1 + 253. What is the tens digit of q?
8
Suppose 64*v = -6*n + 65*v + 367135, 0 = -v + 5. What is the units digit of n?
0
Suppose 0 = -3*y + 7*y - 280. Suppose 0 = 10*v - 9*v + y. What is the tens digit of 28/v - (-164)/10?
1
Suppose u - 3*s = 8, 0 = 3*u - 8*s + 12*s - 50. Let a = 29 - 18. Suppose -u*f + 195 = -a*f. What is the units digit of f?
5
Suppose 74*g = 638732 + 985050. What is the units digit of g?
3
Let h(p) = p**2 - 12. Let w be h(0). Let n = -22 - w. What is the tens digit of 2 + 17/(8/n + 1)?
8
Let h(x) = -x + 64. Let q be h(-6). Let j = 217 - q. What is the units digit of j?
7
Suppose -6*b - 2 = -7*b. Suppose b*k + 3*k = 0. Suppose k = -5*w + x + 224, -5*x + 40 + 116 = 4*w. What is the tens digit of w?
4
What is the hundreds digit of (-334)/((-1 + -1 - 0) + (-12)/(-8))?
6
Suppose 3289 = 2*a - s - 83521, 12 = 2*s. What is the hundreds digit of a?
4
Suppose 49*o - 552045 = -138387. What is the tens digit of o?
4
What is the tens digit of 37347 - (14 + 8 + -9)?
3
Let n(m) be the second derivative of -1/12*m**4 + 0 - 7/3*m**3 - m + 0*m**2. What is the units digit of n(-7)?
9
Suppose 5*q = -5*k - 85, -2*q - q - 63 = -3*k. Let n(u) = u**2 + 5*u - 28. Let d be n(-13). Let m = d + q. What is the tens digit of m?
5
Suppose f - 4*f - 69 = 0. Let a = 62 + f. What is the tens digit of a/9 + -5 + (-274)/(-6)?
4
Let s(y) = y**3 - 15*y**2 + 34*y - 7. Let i be s(13). Let a = i + -95. What is the tens digit of 120 + a + 3 + (2 - 8)?
1
Suppose 3*x + 14351 = m, 503*m + 43141 = 506*m + 2*x. What is the units digit of m?
5
Suppose 5*d + 3*v = 5178, 0 = 4*d + 4*v - 6*v - 4160. What is the thousands digit of d - (-5 - -2) - (-9)/(-3)?
1
Let d(t) = 445*t. Suppose -18 = 4*c - 30. What is the tens digit of d(c)?
3
Let w(f) = 2368*f - 382. What is the thousands digit of w(2)?
4
Suppose -5*j + 2*z + 41903 = 0, 41910 = 7*j - 2*j + 5*z. What is the tens digit of j?
8
Let w = 25146 + -13204. What is the thousands digit of w?
1
Suppose -3*t + 584 + 1411 = 0. Let l = -4 + t. What is the tens digit of l?
6
Let r be ((43 - 0) + -5)/(-2). Let m = r + 559. Suppose -3*c + m = 4*j, 3*j = -6*c + c + 911. What is the hundreds digit of c?
1
Let u(q) = -37*q**2 - 7*q + 5. Let m(p) = -19*p**2 - 3*p + 3. Let z(n) = -11*m(n) + 6*u(n). Let d be z(-2). Let k = d - -227. What is the hundreds digit of k?
1
Suppose c - 664 = 2*c - 6800. What is the units digit of c?
6
Suppose 680 = -23*d + 15*d. Let r = 160 + d. What is the units digit of r?
5
Let w = -15402 + 28901. What is the thousands digit of w?
3
Let y(w) = -331*w - 137. Let h be y(-6). Suppose 0 = -14*f + 8331 - h. What is the hundreds digit of f?
4
Let o = 9138 - -244. What is the thousands digit of o?
9
Suppose -9935 = -3*c + 5*l, -6*c + 3*l - 3307 = -7*c. What is the hundreds digit of c?
3
What is the units digit of (1 - 70/(-21))*2361?
1
Suppose 4*z - 8*k - 12 = -10*k, 4*z - 2*k = 28. Suppose -q - 264 = -r, 4*q + q = -z*r + 1300. What is the tens digit of r?
6
Let j = -175 + 179. Let p(g) = 427*g - 63. What is the hundreds digit of p(j)?
6
Let x(d) = -21*d**3 - 99*d**2 + 28*d + 47. Let n(w) = 8*w**3 + 33*w**2 - 9*w - 16. Let c(b) = 8*n(b) + 3*x(b). What is the units digit of c(34)?
7
Suppose 5*j + 20 = 0, -2*j - 2 - 6 = 2*l. Suppose 9*g - 5*g - 1584 = l. What is the tens digit of g?
9
Let w = -496 - -496. Suppose 4*h - 4*v = v + 479, -3*h + 403 = 5*v. Suppose w = 2*k - h - 56. What is the tens digit of k?
9
Suppose 3*x - 27685 = -y, 0 = -2*x + 74*y - 72*y + 18462. What is the units digit of x?
9
Suppose 4815 = 6*c - c. Suppose 3*z = 5*n - c, -3*n - 2*z = -3*z - 581. What is the tens digit of n?
9
Let a = 2429 - 4842. Let k = -1690 - a. What is the tens digit of k?
2
Let y = 105 + -84. Let z(j) = -12 - 18 + 4*j + 2*j. What is the tens digit of z(y)?
9
Let z = 5015 - -2865. What is the thousands digit of z?
7
Let v be (-3)/(-2)*120/9. Let l(u) = 2*u + 2. Let n be l(3). Suppose -v = -3*q - n. What is the units digit of q?
4
Let k(h) = -h**2 + 27*h - 46. Let t be k(25). Suppose -5*u + c + 209 = -3*c, 2*u = -t*c + 106. Suppose 0 = -4*i + u + 727. What is the hundreds digit of i?
1
Suppose 0 = -d + 2*a - 18, d + 22 = 28*a - 24*a. What is the tens digit of 136/(-476) + (-3140)/d?
2
Let w = 33 + -27. Let z(k) = 44*k + 157. What is the tens digit of z(w)?
2
Suppose -h - 2*k + 18923 = 0, h + 45*k = 44*k + 18931. What is the hundreds digit of h?
9
Let h(x) = -2*x**3 + 27*x**2 + 16*x + 32. Let p be h(14). What is the hundreds digit of (-70070)/(-120) + 5/p?
5
Let b(k) = 18*k - 32. Let h = -60 + 71. What is the units digit of b(h)?
6
Let l be (1 - -1)*2*19792/64. Let j = l - 501. What is the tens digit of j?
3
Let y(g) = 943*g - 1554. What is the units digit of y(15)?
1
Let p(j) = -18*j + 24. Suppose 25*m + 211 = -39. What is the units digit of p(m)?
4
Suppose 21*n - 129698 = 131899. What is the tens digit of n?
5
Let a = 266 - -611. Supp